- 7*n + 1. Calculate h(-8).
-7
Let d(t) = t**3 - 13*t**2 - 18*t + 46. What is d(14)?
-10
Let q(g) = 20*g + 212. Give q(-10).
12
Let k(v) = -v**3 + 3*v**2 + 55*v + 9. What is k(-6)?
3
Let d(v) = -2*v**2 + 9*v - 2. What is d(6)?
-20
Let b(k) = -k**2 - 16*k + 141. Determine b(6).
9
Let y(l) = -49*l - 142. What is y(-3)?
5
Let v(k) = -k**2 - 12*k - 20. Determine v(-9).
7
Let t(k) = k**2 - 2*k - 14. What is t(3)?
-11
Let c(q) = -54*q - 53. What is c(-1)?
1
Let g(l) = 4*l**3 + l**2 + 2*l + 4. What is g(-2)?
-28
Let z(c) = -c**3 + 9*c**2 + 23*c - 5. Give z(11).
6
Let z(y) = -5*y**2 + 19*y - 1. What is z(4)?
-5
Let o(y) = y**2 + 12*y + 13. Calculate o(-12).
13
Let d(i) = 21*i**2 + i - 4. Determine d(-2).
78
Let z(v) = 5*v**2 + 2. What is z(-2)?
22
Let v(s) = -s**3 - 2*s**2 + 5*s + 12. Calculate v(-3).
6
Let x(h) = h**2 + h + 4. Calculate x(-4).
16
Let h(m) = m**3 + 3*m**2 - 13*m - 3. Determine h(-5).
12
Let g(k) = -17*k**3 + k**2 - 2*k. What is g(1)?
-18
Let d(c) = c**2 - 3*c - 80. Determine d(11).
8
Let f(l) = 2*l**2. Calculate f(-3).
18
Let p(y) = -y**3 - 43*y**2 - 45*y - 128. What is p(-42)?
-2
Let w(s) = 7*s - 16. Determine w(3).
5
Let v(n) = -11*n - 80. Calculate v(-7).
-3
Let k(l) = -l**3 + l**2 - 3*l + 1. Give k(2).
-9
Let i(n) = -n**2 + 9*n - 3. What is i(8)?
5
Let w(s) = 41*s - 370. Determine w(9).
-1
Let j(t) = t**2 - 5*t - 4. What is j(-4)?
32
Let u(b) = -9*b**2 - 55*b - 4. Give u(-6).
2
Let t(d) = -4*d - 100. What is t(-24)?
-4
Let q(n) = -n**3 - 4*n**2 + 5*n + 6. What is q(-5)?
6
Let v(w) = -w**3 - 4*w**2 + 7*w + 3. Calculate v(-6).
33
Let c(q) = 74*q - 144. Calculate c(2).
4
Let h(o) = -4*o - 121. What is h(-31)?
3
Let y(l) = -l**3 - 5*l**2 - 4*l + 9. Determine y(-3).
3
Let v(m) = -m**3 + 9*m**2 - 3*m + 36. Calculate v(9).
9
Let z(v) = -v**3 + 11*v**2 + 10*v + 8. What is z(12)?
-16
Let z(q) = -q**3 + 9*q**2 + 4*q + 30. Calculate z(10).
-30
Let u(g) = -g**2 - 15*g - 35. Calculate u(-4).
9
Let d(b) = -b**2 + 4*b - 3. Calculate d(3).
0
Let a(g) = -g**3 + 6*g**2 + 2*g - 8. Determine a(6).
4
Let x(q) = -7*q - 12. Give x(-6).
30
Let d(k) = -k**2 - 8*k - 5. Determine d(-6).
7
Let u(x) = -x**2 - 17*x + 10. What is u(0)?
10
Let y(j) = -2*j**2 + 38*j - 24. Calculate y(17).
44
Let s(h) = 4*h**3 - h**2 - 6*h - 5. Calculate s(-2).
-29
Let d(i) = 6*i - 115. Give d(15).
-25
Let v(k) = k**3 + 2*k**2 - 4*k + 5. What is v(2)?
13
Let k(z) = 105*z + 636. Give k(-6).
6
Let v(u) = 4*u**2 + 11*u + 30. Give v(-3).
33
Let c(y) = -7*y - 6. What is c(4)?
-34
Let g(j) = 13*j**3 - 1. What is g(-1)?
-14
Let o(u) = 2*u**2 - 45*u - 26. What is o(20)?
-126
Let k(u) = u**3 + 21*u**2 - 46*u - 33. Calculate k(-23).
-33
Let f(v) = -v**2 + 20*v + 101. Determine f(-4).
5
Let w(j) = j**3 + 8*j**2 - 8*j - 2. What is w(-9)?
-11
Let c(a) = a**2 + 7*a - 7. Calculate c(-9).
11
Let i(u) = -8*u**3 + 1. Calculate i(-1).
9
Let x(f) = 13*f + 560. Give x(-43).
1
Let n(d) = 2*d + 8. What is n(-5)?
-2
Let i(c) = -c**3 + 7*c**2 + c - 2. Give i(7).
5
Let l(j) = -j**2 - 27*j + 128. What is l(4)?
4
Let s(l) = -9*l + 43. Calculate s(5).
-2
Let c(z) = z + 11. Determine c(0).
11
Let z(y) = y**2 - 3*y - 5. Calculate z(6).
13
Let r(j) = 2*j**2 + 13*j - 16. Calculate r(-7).
-9
Let k(c) = -34*c + 418. What is k(12)?
10
Let b(k) = -k**2 + 4*k + 8. Determine b(-6).
-52
Let c(h) = h**2 + 9*h - 30. Calculate c(-14).
40
Let p(g) = 2*g**2 - 7*g + 4. Calculate p(3).
1
Let f(m) = m**2 + 11*m + 3. Determine f(-10).
-7
Let l(u) = -u**3 + 27*u**2 + 32*u - 45. Give l(28).
67
Let k(a) = 6*a + 15. Give k(-6).
-21
Let n(u) = 38*u + 198. Give n(-5).
8
Let v(w) = w**2 - 25*w + 71. Calculate v(25).
71
Let n(g) = -3*g**3 + 3*g - 2. What is n(-2)?
16
Let t(i) = -i**3 + 11*i**2 - 2*i + 16. Give t(11).
-6
Let k(f) = f**3 + 7*f**2 - 10*f - 22. Determine k(-8).
-6
Let a(c) = c**3 - 27*c**2 + 29*c - 39. Calculate a(26).
39
Let r(n) = n**3 + 5*n**2 - 6*n - 30. Determine r(-5).
0
Let d(i) = 4*i**2 + 2*i - 1. Calculate d(-2).
11
Let u(o) = 6*o**3 - 2*o**2 + o. What is u(1)?
5
Let q(i) = 4*i**3 + i**2 - 3*i - 3. Calculate q(-2).
-25
Let l(q) = -3*q - 47. Give l(-29).
40
Let n(w) = -w**2 - 25*w + 5. Determine n(-25).
5
Let m(h) = 24*h - 30. Determine m(-4).
-126
Let s(t) = -t**3 + 12*t**2 - 7*t + 6. Give s(11).
50
Let u(x) = x**2 - 18*x - 46. Determine u(19).
-27
Let l(s) = s**2 - s - 4. What is l(-7)?
52
Let l(o) = o**2 - o + 8. Determine l(6).
38
Let d(k) = 3*k + 26. Give d(-17).
-25
Let g(u) = u - 14. Give g(15).
1
Let n(z) = 20*z. What is n(1)?
20
Let q(b) = b**2 - b - 20. Calculate q(5).
0
Let m(f) = 8*f + 174. Determine m(-23).
-10
Let x(n) = 3*n**2 + 34*n + 85. What is x(-7)?
-6
Let n(v) = -v + 13. Give n(0).
13
Let q(d) = 5*d**2 + 4*d + 5. What is q(4)?
101
Let f(a) = -a**3 + 6*a**2 - 5. Give f(6).
-5
Let y(d) = 13*d**2 - 35*d - 3. Calculate y(2).
-21
Let c(m) = -4*m + 7. Determine c(15).
-53
Let r(n) = -9*n - 21. Determine r(-6).
33
Let m(i) = -i**3 + 9*i**2 - 8*i - 5. Determine m(8).
-5
Let z(f) = 2*f - 2. What is z(2)?
2
Let g(l) = l**3 - 4*l**2 - 1. Give g(2).
-9
Let u(i) = 20*i + 214. Determine u(-11).
-6
Let p(n) = -n - 3. Give p(-6).
3
Let k(i) = -i**2 - 14*i - 29. Calculate k(-3).
4
Let j(w) = -w**3 - 12*w**2 - 12. Calculate j(-12).
-12
Let m(w) = -15*w - 98. Calculate m(-7).
7
Let q(h) = -h - 17. What is q(-7)?
-10
Let g(z) = 3*z**2 - 31*z + 11. Give g(10).
1
Let t(j) = 86*j**2 + 5*j - 6. What is t(1)?
85
Let v(w) = -w**3 - 5*w**2 - 2*w - 4. What is v(-4)?
-12
Let k(v) = -19*v + 18. Determine k(2).
-20
Let z(k) = -k**3 + 19*k**2 + 23*k - 54. Determine z(20).
6
Let n(j) = -j**3 - 3*j**2 + 4*j - 5. What is n(-4)?
-5
Let z(s) = 142*s - 3. Determine z(-1).
-145
Let x(w) = 38*w + 3. What is x(2)?
79
Let w(b) = -b**3 + 26*b**2 + 57*b - 22. Calculate w(28).
6
Let s(y) = 7*y - 24. Give s(-9).
-87
Let p(d) = -d**3 + 9*d**2 - 17*d + 16. Determine p(7).
-5
Let z(g) = -g + 26. Calculate z(8).
18
Let c(x) = x + 5. Calculate c(-15).
-10
Let a(b) = 11*b**2 - 15*b - 31. Determine a(-2).
43
Let a(o) = 2*o**3 - 50*o**2 - 52*o - 21. Calculate a(26).
-21
Let y(m) = m - 25. Determine y(15).
-10
Let h(f) = f**2 + 11*f + 7. Give h(-4).
-21
Let x(r) = -r**3 + 17*r**2 + 3*r - 2. Determine x(17).
49
Let w(u) = 14*u - 6. What is w(-3)?
-48
Let p(b) = 27*b**2 - 296*b - 11. Calculate p(11).
0
Let v(z) = -z**2 + 15*z + 6. Calculate v(16).
-10
Let y(m) = -7*m + 1. What is y(5)?
-34
Let o(c) = c**2 - 2*c + 3. Calculate o(2).
3
Let o(d) = d**2 - 6*d + 3. Calculate o(4).
-5
Let x(u) = u**3 - 11*u**2 + 9*u + 4. What is x(10)?
-6
Let c(v) = -4*v + 12. What is c(5)?
-8
Let u(h) = h**3 - 5*h - 4. Determine u(3).
8
Let o(y) = -26*y**3. Determine o(1).
-26
Let j(b) = 40*b - 2. Calculate j(1).
38
Let y(d) = -d + 15. Determine y(18).
-3
Let v(p) = p**3 - 3*p**2 - 13*p + 1. Determine v(-3).
-14
Let r(j) = 3*j**2 + 54*j - 14. Calculate r(-18).
-14
Let n(d) = 5*d + 128. Give n(-26).
-2
Let k(b) = 49*b - 48. What is k(5)?
197
Let j(d) = d**2 + 31*d + 109. Calculate j(-4).
1
Let q(s) = -2*s**2 - 29*s + 12. Calculate q(-15).
-3
Let y(v) = 11*v - 108. What is y(19)?
101
Let x(r) = -31*r**2 + 3*r. What is x(1)?
-28
Let w(b) = -b**2 + 8*b + 8. Determine w(6).
20
Let q(z) = -z**2 + 7*z - 6. Calculate q(10).
-36
Let o(h) = -h**2 + 9*h - 4. Calculate o(6).
14
Let o(u) = u**3 + u - 18. Calculate o(0).
-18
Let c(x) = 7*x**2 - 3*x + 2. What is c(1)?
6
Let g(a) = 4*a - 3. What is g(-5)?
-23
Let g(o) = o - 36. Calculate g(-6).
-42
Let a(l) = -l**2 - 18*l - 11. What is a(-13)?
54
Let g(y) = y**2 + 2*y - 9. What is g(-3)?
-6
Let m(s) = s**2 + 5. Calculate m(-4).
21
Let j(t) = -2*t**3 + 27*t**2 + 14*t - 2. Determine j(14).
-2
Let p(m) = 14*m + 17. Give p(-11).
-137
Let g(j) = j**2 + 21*j + 35. What is g(-15)?
-55
Let p(t) = t**3 - t**2 + t - 1. Determine p(0).
-1
Let b(y) = y**2 + 25*y + 45. Determine b(-23).
-1
Let g(c) = -2*c**2 - c. Give g(-1).
-1
Let q(c) = 25*c**3 - c**2 + 5*c - 4. What is q(1)?
25
Let r(f) = -4*f - 25. Give r(-8).
7
Let y(o) = 5*o - 18. What is y(16)?
62
Let n(x) = -x - 4. What is n(-7)?
3
Let b(i) = i**3 - 8*i**2 + 2*i + 9. Calculate b(8).
25
Let g(p) = 2*p**3 - 12*p**2 - 9*p + 52. Determine g(6).
-2
Let a(v) = -27*v + 6. Calculate a(0).
6
Let u(w) = -w**3 + 5*w**2 + 7*w + 7. Give u(5).
42
Let a(p) = p - 3. Determine a(-3).
-6
Let z(o) = -o**3 -